
What is the value of 4 + (3 - 6) - -3?
4
Evaluate 2 - 7 - -5 - -5.
5
What is 2 + 1 + 23 + -26?
0
Calculate 6 + -1 + (15 - 23).
-3
-1 + 4 - (-17 - -25)
-5
2 + -1 + -4 - (3 + -2)
-4
What is -5 - (-5 + (-1 - -7) + -6)?
0
Evaluate 0 + (-7 - (8 - 8)).
-7
Calculate (27 - 23) + -5 + 2.
1
5 - (2 + 6 - (1 + 2))
0
2 - 2 - (0 - (-9 - -8))
-1
Evaluate 4 + -2 + 6 - 2.
6
Evaluate 0 + -5 + (-3 - 1) + 14.
5
What is (-24 - -37) + (-1 - -7) - 8?
11
Calculate 4 + -12 + (-9 - -2) + 10.
-5
Calculate 0 - -6 - (-3 + 5).
4
Evaluate (38 - 44) + 8 + -1.
1
What is -4 + -2 + 6 + -5 - 3?
-8
Calculate -1 + -3 + 3 + -1 + 6.
4
-2 - (2 + -2 - 2 - -4)
-4
-9 + 0 + (4 - -3)
-2
What is the value of -2 - 9 - -4 - -12?
5
What is the value of 0 + 2 + (4 + -6 - 2)?
-2
What is the value of -4 + 12 + -5 - 2?
1
Evaluate (15 + -11 - (4 - -2)) + -4.
-6
Calculate (2 - -3) + -1 + -5 + -7.
-8
Calculate 1 - (-5 + 2 - -8) - -2.
-2
What is 13 + -8 - (1 - -1) - 6?
-3
What is 6 + (0 - 9) + 4 - 5?
-4
What is -4 + (-3 - (0 + (-2 - 0)))?
-5
(4 + -9 - (-5 + 6)) + -1
-7
What is the value of -11 - -16 - (0 - (-2 + -3))?
0
6 + -9 + 5 - 7
-5
10 + 7 + -11 - 11
-5
Calculate -1 + -8 + -3 + 8 + -3.
-7
-13 + 10 - -4 - (2 + 6)
-7
What is 5 - ((-5 - -3) + 3)?
4
(-1 - 5 - (27 + -26)) + 1
-6
What is -3 + (4 - 4) - 1?
-4
What is -4 - (2 + -6 + 2 + 0)?
-2
16 + 4 + 0 + -13
7
What is -6 + -6 + 13 - 4?
-3
(-5 - -2 - -13) + -5
5
Evaluate (-11 - 1) + 12 - -6.
6
Evaluate 17 + (11 - 12) - 13.
3
What is the value of -7 + 8 + 0 + (0 - 0)?
1
Evaluate (-3 - -12) + 2 + -5 - 4.
2
Calculate (11 + 0 - 7) + -9.
-5
Evaluate 2 - (0 + -4 + 5).
1
(0 - 8) + 4 - (-7 + 0)
3
-2 - 2 - (5 + -1 - 3)
-5
Calculate (-5 - -10) + (-1 - 0).
4
Calculate -6 - (2 + -8 + 1).
-1
Calculate -3 + 0 + 1 + 4.
2
Evaluate -2 + 0 + (-3 - -6).
1
Calculate 10 + -1 + -6 + 3.
6
What is the value of 3 + 1 + (-4 - 2) - 3?
-5
Calculate 0 + 5 + -1 + -6.
-2
0 + 4 + -6 + 1
-1
What is the value of 1 + 10 + 8 + -12?
7
What is the value of (-1 - 4 - (4 + -6)) + 6?
3
What is the value of (-2 + 0 - 0) + 2 + 5?
5
(-27 - -28) + (-1 - -4)
4
-619 + 627 - (5 + 1 + 1)
1
Calculate -4 - (4 + -7) - 0.
-1
-2 + -4 + 12 + (5 - 5)
6
(-4 - 0) + 1 + (-3 - -2)
-4
What is -4 + 6 + -2 - (-5 + -3)?
8
What is the value of (-21 + 13 - -9) + 1?
2
What is the value of 2 + -8 - (23 + -25)?
-4
What is 7 - (15 + -1) - 0?
-7
What is the value of -9 + (-5 + 6 - -1 - -2)?
-5
Calculate -4 + (-8 - -8) - -3.
-1
What is 9 + -3 + (1 - 2) + 6?
11
Evaluate -3 - -8 - -3 - 5.
3
7 - (12 - 8 - (2 + 0))
5
What is the value of 1 + 3 + -4 + (6 - 11)?
-5
1 + -4 - (0 + 0) - -3
0
3 - (-6 - (1 - 6))
4
10 + -19 + 7 + (-5 - 0)
-7
What is -2 + -2 + -10 + (25 - 4)?
7
What is the value of -15 + 15 + -6 + 4?
-2
Evaluate (-8 - ((2 - 4) + -3)) + -2.
-5
What is the value of -2 + 1 - (2 - 2)?
-1
Calculate 6 + -8 + 8 + -2.
4
Evaluate -6 + (11 - 5 - -7).
7
What is -6 - 5 - (-9 - -6)?
-8
Evaluate -5 - (1 + (-2 - (-2 + 1))).
-5
Calculate (-8 - -5) + (-3 - -11).
5
Calculate 4 + 2 + -1 - 10.
-5
Calculate 7 - (5 - 8 - -4) - 12.
-6
What is 5 + -6 - (7 + -1 + -10)?
3
-3 + 7 - (-3 - -3)
4
Calculate 6 + -9 + (-3 - -8) + -7.
-5
Evaluate 4 + 1 - (1 - -3).
1
Calculate 3 + (2 - -1) + (13 - 14).
5
What is the value of (1 - 3) + (8 - 4)?
2
Evaluate -3 + (10 - (1 + 2)).
4
Calculate (-9 - (4 + -11)) + (0 - 7).
-9
Calculate (4 - 10) + 1 - -4.
-1
6 - (-2 + (-5 - 1) + 11)
3
Evaluate -3 + 0 - (-12 - -8).
1
What is the value of 0 + -1 - (-4 + 3)?
0
What is 18 - (24 - (3 + 10))?
7
Calculate -22 + 11 - (-5 - 1).
-5
What is -9 + 8 + -7 - -2?
-6
0 + 2 - (-12 - -19)
-5
-1 - 3 - (-15 - -12)
-1
(-3 - (-3 - -1)) + -4
-5
Evaluate 6 + -4 - (0 - 0).
2
What is the value of 22 + -28 + 0 + 4 + -2?
-4
What is -5 + -6 + 9 + -3?
-5
Calculate -8 + 7 - -7 - 8.
-2
Calculate 1 + -10 + (1 - -5).
-3
Evaluate -3 + 3 - -6 - 7.
-1
What is the value of -16 + -1 - (-250 - -239)?
-6
What is -1 + 7 - -3 - 2?
7
9 + -1 - (1 + -4 - -6)
5
What is -2 - (10 - (-10 + 18))?
-4
Evaluate 3 + (-10 - 4) + 7.
-4
What is 5 - (3 + -2) - (1 - -1)?
2
Calculate -36 + 31 + 2 + -4 + 1.
-6
4 + -2 + (7 - 5 - 1)
3
Calculate 3 - (1 + 3 + 3).
-4
7 - (8 + 1 - (5 - 12))
-9
What is (3 - 2) + 0 + 1?
2
Evaluate -3 + 3 - (-5 + 1).
4
15 + -15 + (-1 - 3)
-4
(-7 + -1 - (0 - 2)) + 0
-6
What is the value of 0 + (12 + -21 - -17)?
8
Evaluate -13 - (-1 - (1 - -6)).
-5
Calculate (-8 - -5 - -5) + -1.
1
What is -7 + 1 + 4 + 10?
8
What is -5 - -1 - (-3 + 3)?
-4
-9 + 3 - -6 - (5 + 0)
-5
Evaluate 0 + -4 + 3 + -3.
-4
What is (9 - (-3 + 5)) + (-1 - 1)?
5
-153 + 142 - (2 - (2 - -5))
-6
What is (67 - 57) + (-1 - 0)?
9
What is the value of 0 + 1 - (-14 - (8 - 20))?
3
Evaluate 5 - (3 - (-5 - 0) - 4).
1
What is -2 + 2 + 0 - -1?
1
(0 - -4 - 8) + 9 + -3
2
Evaluate -3 + -1 + 3 + (-7 - -4).
-4
What is 0 + 5 + 0 + -4 + 3?
4
What is (2 - 2) + (-3 - (8 + -17))?
6
What is (4 - 12) + 1 - -2?
-5
Calculate -2 + (6 + -12 + 1 - -5).
-2
Calculate 2 - (13 - 6) - -3.
-2
Evaluate -5 + (6 + -3 - (0 - 2)).
0
3 + -3 - (8 + (2 - 5))
-5
What is the value of (3 - (0 - -3)) + -2 - 3?
-5
What is 4 + -4 - 0 - -1?
1
What is (2 - 4) + (-3 - 2 - -9)?
2
What is the value of 13 + -5 - (7 + -2)?
3
Calculate 11 + 1 + -2 + -5.
5
Evaluate -5 - (-5 - -6) - (8 - 18).
4
What is the value of (0 - (-3 - 1) - 7) + 3?
0
-2 + 1 + 0 - 2
-3
Evaluate -5 + (5 - (5 - 3)).
-2
What is -12 + -11 + 21 + 4?
2
Evaluate 1 + (-3 + 2 - -3 - 4).
-1
Evaluate (-7 - 2) + (5 - 1).
-5
Evaluate 0 + -3 + -6 + 10 + 1.
2
Evaluate 0 - -1 - (51 - 43).
-7
Evaluate (1 - 3 - (3 + -2)) + -2.
-5
-3 - (-2 - (-2 - 2))
-5
Calculate 1 + (5 - 1) + 0.
5
-2 - (-3 - (-6 - 1))
-6
Evaluate 2 + -1 - (10 - 13).
4
1 + 0 + (-17 - -16)
0
What is the value of -5 - (-19 - -7) - 8 - 2?
-3
Calculate 10 + -2 + 13 + -13.
8
What is the value of 8 - 9 - ((-3 - 0) + -2)?
4
What is 0 + (10 + -3 - 2 - 3)?
2
What is (1 - 2) + -2 + -1?
-4
2 + -1 + (0 - 0) + 0
1
What is 12 - (2 + 11 - 10)?
9
Calculate (34 - 42) + 8 + 0.
0
Calculate 81 + -79 - (-1 + 0).
3
(6 - 2) + -5 - 1
-2
What is the value of 3 + (-9 - -3 - (0 + -3))?
0
-47 - -55 - (10 + 0)
-2
Calculate 13 + -18 - (-4 - -1).
-2
Calculate 5 + -3 + -8 + 9 + 0.
3
Evaluate 0 + (11 - 9) + -5 + 1.
-2
Evaluate -5 + 7 - -1 - (1 + 1).
1
-1 + 0 + 10 - 4
5
What is 2 - 2 - ((-22 - -16) + 6)?
0
What is -4 - (-5 + (1 - -2))?
-2
What is -1 - ((-2 - -2) + (2 - 1))?
-2
What is 3 - (10 + -6 + (-2 - -3))?
-2
-3 + 7 + (2 + -1 - 4)
1
-4 - -2 - 2 - -7
3
Evaluate 13 - 13 - (2 + -9).
7
Calculate 0 - (5 - (1 + -2)).
-6
Evaluate -3 - (-8 - (-6 - 0)).
-1
What is the value of -1 + (-10 - (14 + -17))?
-8
What is the value of 9 - (1 + 9 + -2)?
1
Calculate 1 - (4 + (2 - 11)).
6
What is -7 + 1 + 2 - (1 + -7)?
2
Calculate (-1 - (3 + -5)) + (1 - 1).
1
(-8 - -4) + 0 + 0
-4
What is -3 + -1 + (-5 - -11) + 4?
6
Calculate (3 - -1) + -13 + 18.
9
What is 2 + -1 + 3 + -9 - 0?
-5
What is the value of 8 + -6 - (0 + -1 + 1)?
2
Evaluate (-12 - -9 - (-1 - 5)) + -2.
1
What is the value of -12 + (1 - -5) + 1?
-5
(-6 + 13 - 14) + 7
0
Calculate (4 - 16) + 8 + 2.
-2
Evaluate (2 - -1) + -7 - -3 - 4.
-5
-4 + 0 + -1 + 2 + 5
2
Evaluate 3 - (-3 - (-5 + -1)).
0
Calculate (-17 - -10) + -7 + 12.
-2
Evaluate -4 + 4 + 0 + -3 - -3.
0
-6 - (5 + -6 + -3)
-2
-8 - -10 - (-2 + 3)
1
4 - (-3 - 4 - -6)
5
-3 - 5 - (1 + -4) - -12
7
What is -3 - (4 - (10 - (6 + -3)))?
0
Evaluate 19 + 0 + 0 + -13.
6
Calculate -8 + (-13 - -25) - (-1 + -5).
10
What is (-3 - -5 - -2) + -1 + -1?
2
Calculate 4 + (-3 + 7 + -3 - 2).
3
(4 - 10) + 3 - -2 - 2
-3
(6 - (15 + -6)) + 8 - 13
-8
What is 0 + 0 - (12 + -16)?
4
(-3 - (8 + -7)) + -2
-6
3 + (0 - 0) - 6
-3
What is 3 + -2 + 3 - 6?
-2
Evaluate (5 - 3) + -7 + (0 - -4).
-1
Evaluate -1 + 10 - (49 + -33).
-7
Calculate 0 + -7 + 16 + -5.
4
Calculate (-22 - -12) + 4 + 5.
-1
Calculate (-61 - -52) + (3 - 1).
-7
(20 - (-13 - -24)) + -8
1
Evaluate -1 + 3 + (-44 - -45).
3
What is -4 - (8 + -6 - 8)?
2
What is 0 - -4 - (3 - (-10 + 3))?
-6
What is the value of 2 + 1 + (3 - 11)?
-5
What is -1 - (1 + 2) - (12 - 9)?
-7
23 + -21 + (5 - 0)
7
What is the value of -3 - (4 + -7 + 5 + -9)?
4
What is the value of -2 + 0 + (-11 + 7 - -2)?
-4
-28 + 22 - (1 - 7)
0
What is -6 - (-4 - (0 - 1))?
-3
What is the value of -20 + 8 + 1 + 7?
-4
What is the value of (-29 - -35) + -6 + 0?
0
What is (-4 + 3 - 10 - -7) + -1?
-5
What is 418 + -414 - (0 + -4 + -1)?
9